19*v - 20050. Calculate i(-63).
47
Let x(b) = b**3 + 18*b**2 + 18*b - 26. What is x(-17)?
-43
Let p(x) = 465*x - 37209. Calculate p(80).
-9
Let g(c) = -7*c**3 - 78*c**2 - 36*c - 272. Calculate g(-11).
3
Let f(p) = 8*p**3 + 40*p**2 + 284*p + 1403. Calculate f(-5).
-17
Let x(z) = 3*z**3 + 59*z**2 - 192*z + 10. Determine x(3).
46
Let j(i) = 5*i**3 + 2*i**2 - 23*i + 66. Determine j(3).
150
Let q(s) = s**2 + 2383*s + 23710. Determine q(-10).
-20
Let k(r) = -4662*r + 46618. Determine k(10).
-2
Let k(x) = -x**2 - 21*x + 24. Calculate k(-21).
24
Let j(x) = 45*x**3 - 6*x**2 + 11*x + 3. What is j(2)?
361
Let k(o) = 8*o**2 + 225*o - 19. What is k(-28)?
-47
Let s(o) = -3*o**2 + 229*o - 4321. Give s(42).
5
Let x(a) = 2*a**3 - 15*a**2 + 412*a - 2849. Calculate x(7).
-14
Let j(o) = -10*o**3 + 12*o**2 - 11*o + 5. Calculate j(2).
-49
Let f(u) = -18*u**2 - 129*u - 15. Determine f(-7).
6
Let i(h) = -h**2 + 627*h - 95317. Calculate i(259).
-5
Let t(k) = 5*k**2 - 5220*k + 15640. Determine t(3).
25
Let z(g) = 3*g**2 + 16*g + 31. Determine z(-3).
10
Let i(r) = -32*r**2 + 9196*r - 3438. Calculate i(287).
6
Let l(d) = -12*d**2 + 19*d - 20. Determine l(5).
-225
Let f(g) = -g**3 + 64*g**2 + 119*g + 856. What is f(66)?
-2
Let b(h) = 2*h**3 - 7*h**2 - 20*h + 13. Calculate b(7).
216
Let z(h) = -2*h + 3. Determine z(2).
-1
Let x(b) = -b**3 + 56*b**2 - 156*b - 147. What is x(53)?
12
Let h(j) = 13*j**2 + 31*j - 14. Determine h(-5).
156
Let b(n) = -n**3 + 36*n**2 - 25*n + 86. Calculate b(36).
-814
Let h(q) = -567*q - 118504. Determine h(-209).
-1
Let m(q) = 99*q - 293. Determine m(3).
4
Let y(v) = -5*v + 140. Determine y(28).
0
Let h(b) = -627*b + 2524. What is h(4)?
16
Let v(f) = -18*f**2 - 231*f + 35. What is v(-13)?
-4
Let d(v) = -13*v + 405. Calculate d(0).
405
Let q(j) = 339*j + 324. Calculate q(-1).
-15
Let i(h) = -h**2 + 7*h - 53. Determine i(14).
-151
Let n(o) = 8*o - 324. Determine n(34).
-52
Let w(q) = -62*q**2 - 168*q + 5. What is w(-2)?
93
Let t(l) = 920*l - 11955. Calculate t(13).
5
Let m(q) = q**3 - 20*q**2 + 89*q - 1324. Calculate m(19).
6
Let t(m) = 110*m + 662. Calculate t(-9).
-328
Let f(i) = -12*i**2 - 1367*i + 102. Calculate f(-114).
-12
Let i(u) = 14*u**2 + 105*u + 42. What is i(-7)?
-7
Let k(p) = -p**3 - p**2 - 82*p - 158. Calculate k(0).
-158
Let h(g) = 291*g + 1135. Calculate h(-4).
-29
Let x(l) = 4*l**2 - 28*l - 25. Give x(7).
-25
Let d(u) = 85*u**2 + 15*u + 33. Calculate d(-2).
343
Let r(m) = -2*m**3 + 118*m**2 - 1480*m + 158. What is r(41)?
-6
Let q(x) = x**3 - 147*x**2 - 293*x - 698. Determine q(149).
47
Let m(k) = 44*k + 638. What is m(-14)?
22
Let o(h) = -9*h**3 - 3*h**2 + 17*h - 14. Calculate o(1).
-9
Let h(t) = 69*t + 2810. Calculate h(-41).
-19
Let p(q) = q**2 + 66*q - 992. What is p(-76)?
-232
Let j(m) = -m**2 + 20*m + 588. Determine j(-16).
12
Let j(h) = -183*h + 914. Calculate j(5).
-1
Let x(k) = -3*k**3 - 125*k**2 - 85*k + 26. Give x(-41).
149
Let p(z) = 88*z + 3350. Calculate p(-38).
6
Let j(d) = d**2 - 10*d - 108. Calculate j(17).
11
Let b(l) = 79*l - 1256. Determine b(16).
8
Let m(o) = -5*o**2 + 20*o + 59. Give m(11).
-326
Let u(d) = d**2 + 135*d + 3045. Determine u(-107).
49
Let u(g) = -2*g**3 - 109*g**2 - 44*g + 547. Give u(-54).
7
Let v(l) = l**3 - 28*l**2 + 79*l + 72. Determine v(4).
4
Let h(d) = d**2 + 18702*d - 74817. Give h(4).
7
Let d(k) = k**2 + 83*k + 59. Give d(-81).
-103
Let l(s) = s**2 + 32*s + 105. Determine l(-16).
-151
Let j(o) = 188*o - 34. Determine j(1).
154
Let m(r) = -503*r + 19493. What is m(39)?
-124
Let h(r) = -r**3 - 13*r**2 + 25*r + 469. What is h(-12)?
25
Let l(p) = 5*p**2 - 160*p + 1024. What is l(23)?
-11
Let m(h) = h**3 - 15*h**2 - 11*h - 31. What is m(16)?
49
Let s(d) = -1580*d - 7902. Give s(-5).
-2
Let o(f) = -11943*f + 59715. Determine o(5).
0
Let b(a) = -a**3 - 28*a**2 + 46*a - 457. Calculate b(-30).
-37
Let x(v) = -2*v**3 + 63*v**2 - 26*v - 109. What is x(31)?
46
Let z(j) = 614*j - 4288. Give z(7).
10
Let k(z) = -23*z - 100. What is k(-12)?
176
Let y(u) = -2*u**3 + 9*u**2 - 16*u - 1. Give y(4).
-49
Let h(p) = -p**2 + 8*p + 165. Calculate h(-9).
12
Let y(b) = -b**3 + 69*b**2 + 75*b - 305. Give y(70).
45
Let v(a) = a**3 + 63*a**2 + 16*a + 976. Give v(-63).
-32
Let w(c) = -43*c + 124. Give w(3).
-5
Let v(u) = u**3 + 14*u**2 + 18*u - 20. Give v(-13).
-85
Let a(u) = 253*u - 1162. What is a(5)?
103
Let c(o) = 34911*o + 384019. Calculate c(-11).
-2
Let u(o) = -295*o - 1234. What is u(-5)?
241
Let y(l) = -8377*l + 41893. Determine y(5).
8
Let d(w) = 15*w**2 + 539*w - 40. Calculate d(-36).
-4
Let z(h) = -h**2 + 93*h - 674. Determine z(28).
1146
Let r(p) = 2*p**2 - 95*p - 16264. Give r(117).
-1
Let d(t) = -t**2 - 203*t - 6407. Determine d(-39).
-11
Let c(i) = -16*i**2 - 6*i + 21. Give c(-5).
-349
Let p(v) = -135*v + 1128. What is p(8)?
48
Let z(h) = 3*h**2 - 183*h + 136. Give z(63).
514
Let h(u) = 225*u**2 + 1122*u - 20. Calculate h(-5).
-5
Let d(f) = -f**3 + 112*f**2 - 105*f - 674. Determine d(111).
-8
Let o(x) = 91*x - 284. What is o(5)?
171
Let f(w) = 2*w**3 + 31*w**2 - 17*w + 5. Calculate f(-16).
21
Let g(r) = -6419*r + 12843. Determine g(2).
5
Let v(m) = -29*m - 212. What is v(-9)?
49
Let x(o) = -o**3 + 11*o**2 - 401*o + 3041. Give x(8).
25
Let x(d) = -d**3 + 51*d**2 + 1702*d - 88199. Calculate x(49).
1
Let w(k) = 392*k + 2751. Calculate w(-7).
7
Let a(s) = s**3 - 43*s**2 - 183*s - 231. Calculate a(47).
4
Let s(y) = y**3 + 2*y**2 - 10*y - 3. Calculate s(-3).
18
Let q(g) = g**3 + 6*g**2 - 589*g - 3540. Determine q(-6).
-6
Let y(c) = 14*c**2 - 2728*c - 393. What is y(195)?
-3
Let j(n) = -52*n - 1643. Calculate j(-31).
-31
Let t(x) = -x**2 + 7*x - 6. Give t(10).
-36
Let a(h) = 50*h + 1182. Calculate a(-23).
32
Let z(y) = 283*y + 4526. Determine z(-16).
-2
Let j(b) = 3*b**3 + 19*b**2 - 1309*b - 7891. What is j(-6)?
-1
Let k(r) = -20*r**2 + 5*r + 1. Calculate k(-3).
-194
Let c(i) = -228*i - 10265. Determine c(-45).
-5
Let u(s) = -2*s**2 - 91*s + 46. What is u(-40)?
486
Let q(j) = 2*j**2 + 6*j - 209. Give q(-16).
207
Let t(u) = 2*u**3 - 36*u**2 + 80*u - 1441. Calculate t(18).
-1
Let y(o) = -o**3 - 15*o**2 + 108*o + 1250. What is y(-17)?
-8
Let u(v) = 38*v + 590. What is u(-16)?
-18
Let h(q) = q**2 - 30*q - 851. Give h(48).
13
Let k(n) = -2*n**2 - 6*n + 6. Give k(-11).
-170
Let j(u) = -11*u + 101. Calculate j(9).
2
Let n(g) = -g**3 + 30*g**2 - 20. Give n(30).
-20
Let o(c) = -128*c - 17273. Calculate o(-135).
7
Let t(v) = -v**3 - 12*v**2 - 37*v - 156. Determine t(-10).
14
Let j(z) = -z**2 - 9*z + 234. What is j(8)?
98
Let h(p) = -p**2 - 30*p - 113. Determine h(-5).
12
Let c(r) = 18*r**3 - 7*r**2 - 22*r - 14. Determine c(-1).
-17
Let y(w) = w**3 + 6*w**2 + 67*w + 10. Give y(-7).
-508
Let i(h) = 364*h - 6818. What is i(19)?
98
Let a(i) = -21*i - 254. What is a(-30)?
376
Let z(k) = -k**3 - 16*k**2 - 39*k - 1. Determine z(-9).
-217
Let d(b) = 109*b**2 + 548*b + 11. Determine d(-5).
-4
Let d(b) = b**2 + 97*b + 645. Calculate d(-7).
15
Let i(k) = -k**3 + 71*k**2 + 2*k - 103. Give i(71).
39
Let x(c) = -3541*c - 7120. Calculate x(-2).
-38
Let q(l) = -l**3 + 6*l**2 - 81*l + 614. What is q(7)?
-2
Let j(d) = -d + 104. Calculate j(0).
104
Let v(i) = i**3 + 27*i**2 - 72*i - 144. What is v(-29)?
262
Let y(z) = -4*z**3 - 126*z**2 + 60*z - 67. What is y(-32)?
61
Let h(j) = 16*j**2 + 77*j - 9. Give h(-5).
6
Let s(z) = 4*z**2 - 47*z + 252. Give s(7).
119
Let c(v) = 7*v + 762. Determine c(-107).
13
Let o(c) = -c**3 - 8*c**2 - 19*c + 7. What is o(-6)?
49
Let o(f) = 7*f**2 + 222*f - 924. Give o(4).
76
Let g(x) = -3*x**2 + 9*x + 27. What is g(-2)?
-3
Let k(b) = b**3 + 78*b**2 + 152*b - 4. Give k(-76).
-4
Let o(g) = -68*g + 1652. Give o(24).
20
Let d(q) = -424*q + 2114. Calculate d(5).
-6
Let m(w) = w**3 - 43*w**2 - 191*w + 121. What is m(47)?
-20
Let s(m) = 2*m**3 - 12*m**2 + 7*m - 23. Give s(6).
19
Let g(f) = 5*f**2 - 77*f - 2. Calculate g(14).
-100
Let d(a) = -a**3 + 43*a**2 + 89*a + 55. What is d(45)?
10
Let a(w) = w**3 - 2*w**2 + 50*w - 156. Calculate a(3).
3
Let d(c) = 288*c + 3456. Calculate d(-11).
288
Let k(d) = 53*d - 14. What is k(2)?
92
Let o(w) = 5*w**2 + 611*w + 724. What is o(-121)?
-2
Let i(p) = -p**3 + 16*p**2 - 62*p - 18. What is i(8)?
-2
Let i(f) = -2*f**3 + 45*f**2 - 211*f + 1. Determine i(6).
-77
Let m(w) = 4*w*